(-1).
2
Let l(w) = -2*w - 2. Suppose 2*i - 5*i = 0. Suppose 2*t + 17 - 5 = i. What are the prime factors of l(t)?
2, 5
Suppose -11*z = 6*z - 34. What are the prime factors of (4/8)/(7/1799)*z?
257
Let u(z) = z + 20. Let x be u(-8). Suppose -l = -4, -3*l = -2*f - 3*f - x. What are the prime factors of 34 - (f - 4 - -6)?
2
Let f = -1984 - -1331. Let l = f - -2384. What are the prime factors of l?
3, 577
Suppose -13 + 1 = -6*z. Suppose u = 1 + z, -5*u = t - 101. Suppose 0*g + t = s + 2*g, 4*s - 326 = -2*g. List the prime factors of s.
2, 5
Let l(y) = -2*y**2 - 5*y**3 - 4*y - 49 + 0*y**2 + 46. Let w be l(-2). Suppose -475 - w = -4*u. What are the prime factors of u?
2
Suppose c - 87 = -y, 2*y + 3*c - 120 - 55 = 0. Suppose -2*l + 28 = 2*z, 5*l = -2*z - 10 + y. Let r = 40 + l. List the prime factors of r.
2, 7
Let g(q) = -q**2 + q. Let u(l) = 139*l**3 + 7*l**2 + l + 5. Let x(o) = -6*g(o) - u(o). List the prime factors of x(-1).
2, 5, 7
Let w(g) be the third derivative of -g**5/60 + 3*g**4/4 + 5*g**3/2 - 12*g**2. Let l = 70 + -57. List the prime factors of w(l).
2, 5
Let y(l) = 3*l**3 + 12*l**3 - 11*l**2 + 4*l - 16 - 21*l**3 - 7*l. What are the prime factors of y(-5)?
2, 3, 79
Suppose -2*f = -2*u - 0*u - 26, -3*f + 43 = -5*u. Suppose -29 + f = -6*t. Suppose t*k + 7*k = 1300. List the prime factors of k.
2, 5, 13
Let u(r) = -21 + 12 - 6*r - 21 - 15. Let n be u(-9). What are the prime factors of 3 - -11*(n + 1)?
113
Let c be (-79614)/(-63) + 6/21. Suppose -c = 8*b - 10*b. List the prime factors of b.
2, 79
Let b = -479 - -718. Let m = b - -217. List the prime factors of m.
2, 3, 19
Let c(x) = 50*x**3 - 8*x**2 + 2*x - 2. Let k be c(4). Suppose -4*a + k - 662 = 0. List the prime factors of a.
2, 151
Let k(m) = -90*m - 1. Let b be k(-1). Let t = b - 84. Suppose 0 = -t*j + 715 + 105. What are the prime factors of j?
2, 41
Let f = 649 + -487. List the prime factors of -6*(-9)/(f/1752).
2, 73
Suppose 8801 = 5*s - 2339. What are the prime factors of s?
2, 557
Let i(v) = -3*v - 15. Let l be i(-19). Let o = l - 42. Suppose o = -2*y - 0*y + 186. What are the prime factors of y?
3, 31
Suppose 4*g = g - 750. Let k = 7963 + -8494. Let q = g - k. List the prime factors of q.
281
Let p(x) = -x**3 - 105*x**2 + 489*x - 79. What are the prime factors of p(-111)?
2, 1223
Suppose 6*j + 521037 = 54*j + 9*j. List the prime factors of j.
3, 11, 277
Suppose 14*p + 49135 = -12*p + 31*p. List the prime factors of p.
31, 317
Let s(y) = 17*y + 158. Let v be s(-11). What are the prime factors of v + 22 - (0 - 387)?
2, 5, 19
Let l(i) = -4*i - 1. Let v be l(12). Let p = -63 - v. What are the prime factors of 2/(-14) - 884/p?
3, 7
Let z be -9 - -7 - (254 - 1). Let b = 394 + z. What are the prime factors of b?
139
Suppose 0 = -2*p - 0*b + 4*b + 28, -3*p + 6 = 3*b. Let u be ((-3)/p + (-3 - -3))*10. What are the prime factors of (1/u)/(-1) + (-1064)/(-5)?
3, 71
Let i(a) be the third derivative of -a**5/60 - 3*a**4/4 - a**3 - 30*a**2. What are the prime factors of i(-7)?
71
Suppose -41*z + 23*z + 61*z - 275372 = 0. List the prime factors of z.
2, 1601
Let y(o) = -3128*o + 6731. List the prime factors of y(-9).
34883
Let z(i) = 3*i - 8*i - 9*i**2 - 8*i**2 + 10 + 16*i**2. Let l be z(4). What are the prime factors of 36/18*(0 - l)?
2, 13
Suppose -4*k + 3*k + 4 = 0. Suppose -k*m + 4*b + 824 = 6*b, 0 = -3*m + 2*b + 632. List the prime factors of m.
2, 13
Let z(b) = 2*b**2 - 3*b + 2. Let q = -12 - -15. Suppose 2*j - q = 11. List the prime factors of z(j).
79
Let p(k) = 4*k + 1 - 3 + 0*k. Let b be p(1). Let l(m) = 7*m**2 - 4*m - 1. What are the prime factors of l(b)?
19
Let h = 41214 + -29345. What are the prime factors of h?
11, 13, 83
Let d be (-1 - -2)/(21/105). Suppose -5*y + d*k + 345 = -680, 0 = 4*k. Suppose 17*r = 22*r - y. List the prime factors of r.
41
Suppose 0 = -12*l + 2*l + 160. What are the prime factors of 3/(18/814) + l/(-24)?
3, 5
Suppose f - 5106 = 3*i - 19889, -3*f = -3*i + 14781. What are the prime factors of i?
2, 7, 11
Let h = -95 + 98. Suppose 0 = 4*u - h*o - 1672, u = -u - 3*o + 836. What are the prime factors of u?
2, 11, 19
Let z be ((-2)/(-5))/(7 + 51512/(-7360)). Let y = -156 + z. What are the prime factors of y?
2, 53
Suppose -4*u - 3*q + 204 = 0, 5*u = 12*q - 7*q + 255. Suppose 5*p + 88 = 3*p. List the prime factors of u/(0 + (-12)/p).
11, 17
Suppose 0 = 5*i - 26*i - 27*i + 207840. What are the prime factors of i?
2, 5, 433
Suppose -5*b = 3*g - 2170, -16*b + 13*b - 3*g + 1308 = 0. Let z = 765 - b. List the prime factors of z.
2, 167
What are the prime factors of (-3)/30 + (362187/70 - 5)?
3, 1723
What are the prime factors of ((-2730)/(-45)*-86)/(8/(-36))?
2, 3, 7, 13, 43
Let b be -280 + ((-10)/(-2) - 8). Let t = b + 314. What are the prime factors of t?
31
List the prime factors of (889980/336 - (-1 - (-10)/(-2)))*8.
2, 7, 37, 41
List the prime factors of (51 - 9 - (-9 + 7))/(4/1022).
2, 7, 11, 73
Suppose -5*g = 5*a - 35, 2*g = -5*a + 5*g - 5. Suppose 38 = a*i + j, i + 1 - 2 = 4*j. Suppose 12*n + 250 = i*n. What are the prime factors of n?
2, 5
Let m(d) = 187*d**3 - d**2 - d + 2. Let s(z) be the first derivative of z**2/2 + 3*z + 42. Let w be s(-2). What are the prime factors of m(w)?
11, 17
Let y be 2/4*(-624)/(4 + -17). What are the prime factors of (4/(y/(-33)))/(10/(-2420))?
11
Suppose 0 = -w + 6*w - 45. Let b = w - -9. What are the prime factors of b/8 + (-10)/40?
2
Suppose -4*o = 4*a - 2*a - 734, -3*a = -2*o + 387. Suppose 3*n - 606 = o. What are the prime factors of n?
2, 3, 11
List the prime factors of 215174/20 - (-48)/160.
7, 29, 53
Let g = -2 - -2. Suppose 0*w - 168 = -42*w. Suppose w*q + z - 146 = 0, 0 = 2*q + 5*z - g*z - 64. List the prime factors of q.
37
Let f = 428 - 242. Suppose 3*m - 990 = -f. What are the prime factors of m?
2, 67
Let p be (-20)/(-16) + (-9)/36. List the prime factors of (p + 1207/(-2))*(-4 + 2).
5, 241
Let j = 435 + -431. Suppose -14*z + 8360 = -j*z. What are the prime factors of z?
2, 11, 19
Suppose -8*t - 4596 = -1444. Let f = -227 - t. What are the prime factors of f?
167
Let v(m) = 134 - 35*m - 214 + m**2 + 106. List the prime factors of v(-13).
2, 5, 13
Let m(l) be the second derivative of -l**5/4 - 7*l**4/12 + l**3 - 5*l**2 - 2*l + 11. What are the prime factors of m(-5)?
2, 5, 41
Suppose 11*n - n - 522383 = -68563. What are the prime factors of n?
2, 22691
What are the prime factors of 47/(3/(-51)*(-27 - -26))?
17, 47
Let y = -39935 - -66977. What are the prime factors of y?
2, 3, 4507
Let o(q) = -q**2 + 568*q + 1347. What are the prime factors of o(0)?
3, 449
Suppose -2*b - 92 = m, -3*b - 186 = b + 3*m. List the prime factors of b/(-75)*-1 + 9938/5.
1987
Let o(x) = 150*x + 68. Let b(i) = -148*i - 69. Let m(k) = -7*b(k) - 6*o(k). Let n be m(20). Suppose 0*h = 13*h - n. What are the prime factors of h?
5, 43
Suppose 0 = -p + o - 63 - 143, -3*o - 392 = 2*p. Let a = p - -316. What are the prime factors of a?
2, 3, 19
Suppose -3*k = -3*j - 4*k + 8, -2 = 4*j - 5*k. Suppose 4165 = -j*m + 9*m. What are the prime factors of m?
5, 7, 17
Suppose 2*b - 6 = -4. Let g = -5 - b. What are the prime factors of (4 - 155/10)*g?
3, 23
Let n(h) = 5*h + 33 - h + 3*h + 6*h. List the prime factors of n(5).
2, 7
What are the prime factors of (48/(-15))/(0 + 13/(-3900))?
2, 3, 5
Suppose -o + 1 = -2*z, o + 2 = -5*z + 3. Suppose 0*x - x = -o, 2*d + x = 1461. List the prime factors of d.
2, 5, 73
Let y(f) = -f**2 + 4*f. Let d be y(0). Suppose 2*c - s - 163 = d, -c - 3*c + 323 = -3*s. List the prime factors of c/(3 - (-5)/(-2)).
2, 83
Let a(v) = 261*v**2 - 17*v - 57. List the prime factors of a(-12).
3, 12577
Let j(t) = -161*t - 4. Let u(s) = 322*s + 6. Let q(d) = 5*j(d) + 3*u(d). What are the prime factors of q(1)?
3, 53
Let b(v) = v**3 + 5*v**2 + 2*v - 4. Let o be b(-4). Suppose -4*k - o*g + 2553 = -5*g, -g - 1915 = -3*k. What are the prime factors of k?
2, 11, 29
What are the prime factors of (-184)/(-368)*(-70220)/(-1)?
2, 5, 3511
Let x(y) = 9970*y + 4954. List the prime factors of x(6).
2, 139, 233
Let b(j) = -j. Let s be b(0). Let i = -1589 - -1658. Suppose q - 1 = 3*o, 4*q = -o - s*o + i. What are the prime factors of q?
2
Let n be ((-320)/(-10) - 8)*(-2)/(-6). Let b(q) = -q**3 + 6*q**2 + 8*q - 8. Let w be b(7). What are the prime facto